{"id":26,"date":"2019-04-03T18:43:45","date_gmt":"2019-04-03T18:43:45","guid":{"rendered":"http:\/\/cantare-et-sonare.de\/?page_id=26"},"modified":"2024-10-19T15:17:19","modified_gmt":"2024-10-19T15:17:19","slug":"choristen","status":"publish","type":"page","link":"https:\/\/cantare-et-sonare.de\/?page_id=26","title":{"rendered":"Choristen"},"content":{"rendered":"\n<p>feste Mitglieder,     Stand:  September 2023<\/p>\n\n\n\n<p><strong>Sopran<\/strong><br>Ulrike Bertram<br>Beate Biesemann<br>Monika Br\u00fcggemann<br>Sabine Haubitz<br>Sabine Knapp-Hartmann<br>Dr. Hildegard Petrias<br>Ulrike Ricken<br>Elisabeth R\u00fcsing<br>Annemarie Pieper <br>Nicola Seitz<br>Adriane Walczok-Wilmes<br>Brigitte Venhoff<br>Anne Wefelnberg<\/p>\n\n\n\n<p><strong>Alt<\/strong><br>Carola Echelmeyer<br>Elisabeth Eschenbr\u00fccher<br>Dr. Annette Hessing<br>Dorothee H\u00f6bler<br>Susanne Kappel<br>Eva-Konstanze Korn<br>Helena Pa\u00dfen<br>Gabriele R\u00f6der<br>Monika Seiler<br>Dr. Christiane Weineck<\/p>\n\n\n\n<p><strong>Tenor<\/strong><br>Gregor Echelmeyer<br>J\u00fcrgen Kappel<br>Frank Ofterdinger<br>Heinrich Schulte<br>Wendelin Schulte<br><\/p>\n\n\n\n<p><strong>Bass<\/strong><br>Peter Filippow<br>Dr. Clive Bridger-Kraus<br>Henk Geerlings<br>Thomas Hintz<br>Otfried Jaeger<br>Heinz-Gerd Pa\u00dfen<br>Horst Petrias<br>Rainald R\u00fcsing<br><br><\/p>\n","protected":false},"excerpt":{"rendered":"<p>feste Mitglieder, Stand: September 2023 SopranUlrike BertramBeate BiesemannMonika Br\u00fcggemannSabine HaubitzSabine Knapp-HartmannDr. Hildegard PetriasUlrike RickenElisabeth R\u00fcsingAnnemarie Pieper Nicola SeitzAdriane Walczok-WilmesBrigitte VenhoffAnne Wefelnberg AltCarola EchelmeyerElisabeth Eschenbr\u00fccherDr. Annette HessingDorothee H\u00f6blerSusanne KappelEva-Konstanze KornHelena Pa\u00dfenGabriele R\u00f6derMonika SeilerDr. Christiane Weineck TenorGregor EchelmeyerJ\u00fcrgen KappelFrank OfterdingerHeinrich SchulteWendelin Schulte BassPeter FilippowDr. Clive Bridger-KrausHenk GeerlingsThomas HintzOtfried JaegerHeinz-Gerd Pa\u00dfenHorst PetriasRainald R\u00fcsing<\/p>\n","protected":false},"author":1,"featured_media":0,"parent":0,"menu_order":0,"comment_status":"closed","ping_status":"closed","template":"","meta":{"ngg_post_thumbnail":0,"footnotes":""},"class_list":["post-26","page","type-page","status-publish","hentry"],"_links":{"self":[{"href":"https:\/\/cantare-et-sonare.de\/index.php?rest_route=\/wp\/v2\/pages\/26","targetHints":{"allow":["GET"]}}],"collection":[{"href":"https:\/\/cantare-et-sonare.de\/index.php?rest_route=\/wp\/v2\/pages"}],"about":[{"href":"https:\/\/cantare-et-sonare.de\/index.php?rest_route=\/wp\/v2\/types\/page"}],"author":[{"embeddable":true,"href":"https:\/\/cantare-et-sonare.de\/index.php?rest_route=\/wp\/v2\/users\/1"}],"replies":[{"embeddable":true,"href":"https:\/\/cantare-et-sonare.de\/index.php?rest_route=%2Fwp%2Fv2%2Fcomments&post=26"}],"version-history":[{"count":16,"href":"https:\/\/cantare-et-sonare.de\/index.php?rest_route=\/wp\/v2\/pages\/26\/revisions"}],"predecessor-version":[{"id":652,"href":"https:\/\/cantare-et-sonare.de\/index.php?rest_route=\/wp\/v2\/pages\/26\/revisions\/652"}],"wp:attachment":[{"href":"https:\/\/cantare-et-sonare.de\/index.php?rest_route=%2Fwp%2Fv2%2Fmedia&parent=26"}],"curies":[{"name":"wp","href":"https:\/\/api.w.org\/{rel}","templated":true}]}}